pose 0*y = -5*y + 5*x + 40, y - 3*x = 6. Let q(p) = p + 2. What are the prime factors of q(y)?
11
Let f = 31 + -19. Suppose -o = o + f. Let l = o - -10. What are the prime factors of l?
2
Suppose 5*u = 5*d + 15, 4*u + 1 = -4*d + 5. Let j(y) = 0*y + 2*y**2 - 5*y + u + 2*y. List the prime factors of j(3).
11
Suppose -2*u - 2*w + 12 = 0, -3 = -u - 5*w + 11. Suppose 0 = -3*x + 87 - 27. List the prime factors of x/3 + u/12.
7
Let u be (2/(-6))/(2/(-690)). Suppose 9*b = -3*a + 4*b + u, -2*a + 77 = 3*b. List the prime factors of a.
2, 5
Let c = 7 + -5. Let d = -1 - -7. Suppose -c*n = n - d. List the prime factors of n.
2
Suppose 4*f - 32 = 3*j - 7*j, 16 = 3*j - f. Suppose -5*y = -4*y + 1. Let a = j + y. What are the prime factors of a?
5
Let h(o) = -o**2 - 5*o - 4. Let p be h(-4). Let x be (p - -9)*20/(-15). Let a = -5 - x. What are the prime factors of a?
7
Suppose -7*g + 150 = -144. What are the prime factors of g?
2, 3, 7
Suppose 5*p = -5*n + 70, -2 = 2*n - 5*p - 16. Suppose n = -z + 5*z. Let i(l) = 4*l + 1. What are the prime factors of i(z)?
13
Suppose -3*c + 22 = -7*f + 2*f, -4*c = -4*f - 24. Let k(y) = 2*y**3 - y**2 + y. Let h be k(f). List the prime factors of h/(-3) - 1/3.
7
Let o be 2 + 2 - (1 - -1). List the prime factors of 186/8 - o/8.
23
Suppose 0*p + 4*p - 139 = -5*l, 0 = 3*p - 2*l - 133. List the prime factors of p.
41
Let o(p) = 2*p - 9. Let i be o(7). Suppose h = i - 0. Suppose 4*u - 16 = b, -h*b - 3*u = -0*b - 35. List the prime factors of b.
2
Let j(f) = 5*f - 1. Let s be j(2). Suppose -2*l + s = l. Suppose -l*g = -0*z - 3*z - 6, -z = -2*g + 6. List the prime factors of g.
2
Suppose 0 = -0*d + 4*d. Suppose d = 4*s - 89 - 3. List the prime factors of s.
23
Let s(c) = -2*c + 9. Let a(d) = -d + 5. Let j(t) = -7*a(t) + 4*s(t). What are the prime factors of j(-5)?
2, 3
What are the prime factors of -1*((3 - 143) + (3 - 2))?
139
Let n = 471 + -221. What are the prime factors of n?
2, 5
Let y(l) = l**3 - 9*l**2 + 8*l + 3. Let s be y(8). Suppose 8 = -s*f + 179. List the prime factors of 1/2 + f/6.
2, 5
Suppose 0 = -m - 4. What are the prime factors of m/(-5)*(-10)/(-4)?
2
Suppose -h - 860 = -4*a, h = -4*h. List the prime factors of a.
5, 43
Suppose -g + 7 = 5. What are the prime factors of g + 1*(-1)/(-1)?
3
Let i = -5 - -5. Suppose -3*h + 5 + 13 = i. List the prime factors of h.
2, 3
Let g(w) = 2*w**3 + 4*w**2 + w + 3. What are the prime factors of g(3)?
2, 3
Let c(x) = x**3 - 7*x**2 + 8*x + 6. Let h be c(6). Let q = h + -11. List the prime factors of (-32)/(-14) + (-2)/q.
2
What are the prime factors of ((-30)/25)/((-3)/290)?
2, 29
Let c be (1 + -1)/4*1. Suppose c = -4*d + 8*d - 40. List the prime factors of d.
2, 5
Let y(u) = u**3 - 15*u**2 + 2*u - 17. What are the prime factors of y(15)?
13
Let o(d) = 5*d - 6. Let v be (-1 - 0)/(1/(-5)). List the prime factors of o(v).
19
Let l be ((-8)/6)/((-4)/6). Suppose 4*w = 5*i - 5, -8 = -3*i + w + l. What are the prime factors of i?
5
Suppose 4*o + 23 = u - 9, 2*u + 4*o - 4 = 0. Suppose -4*r + 2*r = -u. List the prime factors of r.
2, 3
Let q(y) = y**3 + 19*y**2 - 32*y. List the prime factors of q(-20).
2, 3, 5
Let d(p) = p**3 + 10*p**2 + 10*p + 9. Let a be d(-9). Suppose 0*x + x - 7 = a. What are the prime factors of x?
7
Suppose 0 = -5*w + 228 + 72. What are the prime factors of w?
2, 3, 5
Let z = 33 + 92. List the prime factors of z.
5
Suppose -x - h - 12 = 2*h, 4*x = 4*h - 48. Let m(i) = -i**3 - 13*i**2 - 14*i - 18. Let a be m(x). List the prime factors of a/3 + 3 - 1.
2
Let a(h) = h**3 - h**2 + h + 2. Let t be (-15)/(-20) - 3/4. Suppose t = 3*u - 4*u. List the prime factors of a(u).
2
What are the prime factors of 1 + -5 + (41 - -1)?
2, 19
Let v = 291 - -134. What are the prime factors of v?
5, 17
Let z be (1 - 2)*2 - 1. Let t(w) = 2*w - 4. Let j be t(z). Let q = j - -16. What are the prime factors of q?
2, 3
Let r be 1/(-4)*2*0. Suppose -16 = 5*d - 3*p - 51, r = 4*d - 4*p - 28. What are the prime factors of d?
7
Let u = -19 - -15. Let z(h) = -3*h + 4. List the prime factors of z(u).
2
Let i(n) = -4 + 8 + 6 + n. Suppose 5*h + 34 = -6. List the prime factors of i(h).
2
Let m(f) = f**3 + 3*f**2 + 2. Let r be m(-2). Suppose 0 = -p + 2*p + r. List the prime factors of p/(-15) + (-8)/(-5).
2
Let b = -554 - -973. List the prime factors of b.
419
Let x(f) = f - 1. Let a be x(3). Suppose 0 = -s - a*s + 108. What are the prime factors of s?
2, 3
What are the prime factors of -8*((-145)/(-4))/(-5)?
2, 29
Let t(q) = q**2 - 9*q + 14. List the prime factors of t(-8).
2, 3, 5
Let o be (-8)/36*3*18. List the prime factors of (-236)/(-10) + o/20.
23
Let r be (-64)/(-28) + (-8)/28. Suppose 0 = r*i - h - 25, -i + 4*h - 2 + 11 = 0. What are the prime factors of i?
13
Let x = 64 - -15. What are the prime factors of x?
79
Let a be 6 - 6 - (0 + -4). Let p be (-1 - 28) + (a - 3). List the prime factors of (-8)/p + 150/14.
11
Let h be (-204)/(-18)*3/(-2). Let n = -9 - h. Suppose 0 = -3*a + 19 + n. List the prime factors of a.
3
Let n = -7 - 2. Let c = -6 - n. List the prime factors of c.
3
Let q(g) = -7*g - 13. What are the prime factors of q(-6)?
29
Suppose -5*d - 517 = 2*b + 150, 2*b - 8 = 0. Let y = -86 - d. What are the prime factors of y?
7
Suppose x + 9 = 4*x. Suppose -x*c + 3*a = -51, 0 = 5*a - 2*a + 9. What are the prime factors of c?
2, 7
Suppose 40 = 5*y - 0*y. List the prime factors of y.
2
Suppose 20 = 5*d, 0*b = 3*b + 4*d - 28. Let c be (-456)/(-15) - b/10. What are the prime factors of ((-102)/c)/(1/(-5))?
17
Let y(n) = 5*n - 7. List the prime factors of y(6).
23
Let c(i) = i**2 + 3*i. Let n be c(-3). Suppose 4*h + n*h = 68. List the prime factors of h.
17
Let l = 14 + -9. Suppose m + 92 = l*m. List the prime factors of m.
23
Suppose 0*m + m + 10 = 3*h, 0 = -2*h - 2*m + 12. Suppose -h*d = -0*d - 8. List the prime factors of d.
2
Suppose 0 = -2*u + u - 12. Let p = -17 - u. Let k = p + 8. List the prime factors of k.
3
Suppose 0 = 6*t - t - 210. What are the prime factors of t?
2, 3, 7
Let r(b) = -22*b + 11. List the prime factors of r(-6).
11, 13
Let r = -1 + 5. Suppose -2*p + v = -31, r*p + p - 5*v = 70. What are the prime factors of p?
17
Suppose -4*u - 4*u + 800 = 0. What are the prime factors of u?
2, 5
Suppose 3*c - 4*s = -69, -3*s = 2*c + 24 + 39. What are the prime factors of (-10)/45 + (-1248)/c?
2, 23
Let h(s) = -s**2 - 18*s + 47. What are the prime factors of h(-19)?
2, 7
Let m be 4*(-3)/3 - -2. List the prime factors of (-1 + 3 + -6)/m.
2
Let d = 0 + 1. List the prime factors of 3 + -1 + 11 + d.
2, 7
Let x be (1/(-3))/((-3)/279). Let v = x + -18. List the prime factors of v.
13
Let f(t) = t**3 - 2*t**2 - t. Let x be f(5). What are the prime factors of x/4 + 4/8?
2, 3
Let d(l) = -l**3 - 7*l**2 - 3*l + 3. What are the prime factors of d(-7)?
2, 3
Let a = 14 + -13. Suppose -1 = -j + a. List the prime factors of j.
2
Let q be (6/9)/((-2)/204). List the prime factors of q/(-11) + (-2)/11.
2, 3
Let j = 5 + 11. Suppose -o = -0*o - j. What are the prime factors of o?
2
Let n = 15 - -1. What are the prime factors of (n/(-10))/(4/(-10))?
2
Suppose 0 = -r + 2*r + 6. Let h = 11 + r. Suppose h*v - 80 = -0*v. What are the prime factors of v?
2
Suppose 0 = 3*x - x - 28. What are the prime factors of x?
2, 7
Let r(b) = 144*b**2 - 3*b - 3. List the prime factors of r(-1).
2, 3
Suppose 0 = -5*d + 17 + 8. Suppose -d*g + i + 44 = 2*i, 2*g - 20 = 2*i. What are the prime factors of g?
3
Let n(v) = -2*v**2 - 13*v + 6. Let a(i) = -i**2 - 12*i + 6. Let p(m) = 4*a(m) - 3*n(m). Let c be p(6). Let f = c + -14. What are the prime factors of f?
2, 5
Suppose -2*g + 3*g - 40 = 0. What are the prime factors of g?
2, 5
Suppose 0 = -0*w - 3*w + 6. List the prime factors of w.
2
Let q(c) = 80*c**2 - c. List the prime factors of q(1).
79
Suppose 0 = -2*j + 3*z + 22, -4*z = 4*j - 0*z - 84. List the prime factors of j.
17
Let h = -304 - -625. List the prime factors of h.
3, 107
Suppose 0 = v - 0*v - 38. List the prime factors of v.
2, 19
Let l = -28 - -64. List the prime factors of l.
2, 3
Let m(z) = -3*z - 13. Let x(b) be the third derivative of b**4/24 + 2*b**3/3 + b**2. Let n(h) = -3*m(h) - 8*x(h). What are the prime factors of n(-5)?
2
Let s(l) = l**3 + 5*l**2 - 9*l - 8. Let a be s(-6). Suppose -a = -3*d - j + 7, 5 = -